 q(m)?
-21
Let j(q) = 3*q - 591*q**3 - 2 + 0*q + 613*q**3. What is j(1)?
23
Let d(q) = q**2 + 22*q - 71. Suppose 35*w = 3*w - 832. What is d(w)?
33
Let p = -15031 - -15028. Let z(o) = 25*o + 1. What is z(p)?
-74
Suppose 4*p - 12 = -3*t + 17, 0 = p - 4*t + 7. Let n(k) = p*k**3 - 2 - 2*k**3 - 5*k**3 + 1. Let h be n(0). Let u(m) = 8*m**2 + 2*m + 1. What is u(h)?
7
Suppose 4*c - 1 - 7 = 0. Let u(h) be the second derivative of 1/6*h**4 + h**2 + 1/6*h**3 + h - 10 - 1/10*h**5. Give u(c).
-4
Let a(i) = 1504*i + 9023. Let k be a(-6). Let d(p) = -13*p + 7. Let z(y) = -38*y + 20. Let x(v) = 14*d(v) - 5*z(v). Determine x(k).
-10
Let c(k) = k**2 - 26*k - 116. Let w(g) = -120*g - 691. Let j be w(-6). Give c(j).
-29
Let u(p) be the first derivative of -13*p**4/4 - 5*p**3 - 7*p**2 - 4*p - 119. Let c(r) = -2*r**3 - r**2 - r - 1. Let n(s) = 6*c(s) - u(s). Give n(-8).
-2
Let f(h) = -5*h**2 - 40*h - 80. Let m be f(-5). Let j(k) = -5*k - 14. What is j(m)?
11
Let j(p) be the first derivative of -p**4/2 + 2*p**3/3 + 5*p**2 - 9*p + 2245. Calculate j(3).
-15
Let y(z) = z**3 - 8*z**2 - z - 5. Let s(i) = -2*i**3 + 16*i**2 + i + 11. Suppose 2*l - 14*l = -36. Let d(o) = l*s(o) + 5*y(o). Calculate d(8).
-8
Let s = 7312 + -7282. Let x(b) = b**2 - 32*b + 59. What is x(s)?
-1
Suppose 128*h + 117 + 151 = -244. Let x(z) = -11*z + 1. Calculate x(h).
45
Let s(t) = t**2 + 6*t - 5. Let q be s(-7). Let b(n) = 3 - 7*n + 4 - 5 + n**q. Suppose -11045*o + 11025*o + 100 = 0. What is b(o)?
-8
Let t(x) be the second derivative of x**8/6720 - x**7/840 - x**6/360 + x**5/60 - 31*x**4/6 - 46*x. Let u(v) be the third derivative of t(v). Determine u(4).
10
Suppose 4*z + 4*k = -24, 0*z - 3*k = 4*z + 26. Let p(s) = -7*s + 29. Let d(h) = -12*h + 38. Let c(j) = 2*d(j) - 3*p(j). What is c(z)?
13
Let m(g) be the first derivative of g**2 + 24*g + 1268. What is m(-13)?
-2
Suppose f = 2*y - 3 + 2, -5*y - 2*f = 2. Suppose 5*m - 4*a + 2*a = y, 5*m = -4*a + 30. Let d(u) = 5*u**2 - 8 + 4 + 0*u**m - u**3 + 0*u**2 - 2*u. Calculate d(3).
8
Let l(k) be the third derivative of -11*k**5/30 - 8*k**4/3 + k**3/2 + k**2 - 1176*k + 3. Determine l(-3).
-3
Let l(j) = -5*j - 1. Let z be l(1). Let k be 55/22*(-42)/(-15). Let f(a) = 7 + k*a**2 + 2*a**3 - 3*a**3 + 8*a + 2*a**3 - a. Give f(z).
1
Let g(c) = 3*c - 49. Let h(b) = 10*b - 150. Let n(v) = 19*g(v) - 6*h(v). Determine n(-13).
8
Let q(v) be the third derivative of 0 + 0*v + 5/6*v**3 - 1/120*v**6 - 3*v**2 - 2/15*v**5 - 1/6*v**4. Suppose 77 = -15*u - 28. Give q(u).
-16
Let p = 17 + -19. Let b(m) be the first derivative of m**3 + 1/4*m**4 + 0*m**2 + 2*m - 15. Give b(p).
6
Suppose 3*j = -2*q - 1 + 5, 0 = 5*j + q - 9. Let z(m) = -2*m - 11. Let k(f) = 5*f + 25. Let s(i) = 4*k(i) + 9*z(i). What is s(j)?
5
Let w(x) = x**3 + 2*x**2 - 5*x - 5. Suppose 182*o = -641 + 95. Determine w(o).
1
Let m(g) be the third derivative of 52*g**2 + 0 + 0*g**3 - 1/60*g**5 - 1/24*g**4 + 7/120*g**6 + 0*g. Determine m(-1).
-7
Let f be ((-49)/7 - -13)*-2. Let r(n) = 4*n**2 + 48*n - 13. Determine r(f).
-13
Let r(i) = -3*i**2 + 6*i**2 - i**3 - 2*i**2 - i. Suppose 2*n - 14 - 23 = 5*b, -28 = 4*b - 2*n. Let s be 369/82*(-2)/b. Determine r(s).
-1
Let u(z) = 2*z - 12. Let r = -67 - -71. Suppose -r*k - 10 = c, -2*k = 3*c - 2*c. Calculate u(c).
8
Let i(b) be the second derivative of b**7/840 + b**5/60 + b**4/8 - b**3/6 - 4*b**2 + 8*b. Let h(q) be the second derivative of i(q). Calculate h(-3).
-30
Let a(s) = -15*s**3 + 13*s**2 - 4*s - 11. Let q(x) = -49*x**3 + 39*x**2 - 13*x - 33. Let u(t) = 13*a(t) - 4*q(t). Give u(-13).
-11
Let a(u) be the first derivative of u**3/3 + 10*u**2 + 71*u + 5737. Calculate a(-14).
-13
Let c(b) = 2*b - 2. Let o be c(2). Suppose 5*g + t = -t + 12, 5*g - 8 = o*t. Let m(x) = 0 + 11*x - x**g - 11 - 6 + 3. Calculate m(10).
-4
Let w = 14 - 14. Let z be (-3 + (8 - (1 + w)))*-1. Let m be ((-3)/(-2))/((-5)/((-40)/z)). Let a(o) = o + 2. Give a(m).
-1
Let f(p) be the third derivative of -p**6/120 + 13*p**5/60 - 11*p**4/8 - 2*p**3/3 + 2*p**2 + 1771*p + 1. Determine f(9).
23
Let v = -91 - -179. Let a(f) = 4*f**3 + 95*f**2 + 3 - 3*f**3 - v*f**2 + 6*f. What is a(-6)?
3
Let f(w) = 588*w + 4076. Let o be f(-7). Let g(k) = k**2 + 45*k + 202. Determine g(o).
2
Suppose -f = 2*f + 4*k - 20, -25 = -2*f - 5*k. Suppose c - 5*c - 20 = f. Let v(n) = -6*n + 11*n - 5 - 1 + n**2 + 1. What is v(c)?
-5
Suppose 2*t = -2*k + t + 15, -5*k = 2*t - 35. Let v be (-4)/36*3*-6. Let n(q) = 9*q - 4*q + q**2 - v*q - 6*q + 1. What is n(k)?
11
Let m(t) be the third derivative of -t**6/120 - 17*t**5/30 - 21*t**4/8 + 29*t**3/6 + 120*t**2 + 17. Give m(-32).
-3
Suppose 2*f = 13 - 3. Let g(c) = 2*c + 20. Let d(m) = -7*m - 56. Let i(x) = d(x) + 3*g(x). Give i(f).
-1
Let x(z) be the first derivative of -z**4/4 - 14*z**3/3 + 4*z + 12008. Suppose 4*y = -4 - 52. Determine x(y).
4
Suppose 3*m + 5 = 4*a + 8, -4*a + 17 = m. Let k(l) be the first derivative of -l**4/4 + 5*l**3/3 - 7*l**2/2 - 2*l - 79. What is k(m)?
-37
Let k(h) be the first derivative of h**2/2 - 389. Suppose 8 = -5*d + 4*g + 3, -4*d - 3*g + 27 = 0. Let t be k(d). Let n(q) = -q**2 + 3. What is n(t)?
-6
Suppose -20 = -2*d - 2*d. Suppose -4*h + 8 = 2*m, 9*m - 10*m = -d*h + 17. Let v(x) = -8*x + 3. Give v(h).
-21
Let b = -3787 - -3795. Let w(f) = -f**2 + 3*f + 34. What is w(b)?
-6
Let t(j) = 13*j + 126. Let n be (-79420)/8778 + 2/42. Determine t(n).
9
Let b(t) = -2 - 52*t + t**2 + 62*t - 3. Let j = 130 + -139. Give b(j).
-14
Suppose -59*r + 88 = 47*r - 98*r. Let d(k) = 2*k**2 - 19*k - 45. Calculate d(r).
-12
Let b(s) = -3*s + 2. Let o be b(-2). Suppose u = 13 - o. Suppose -q = -5*f + 1 + 1, -u*f - q = -8. Let d(m) = -7*m**3 - m + 1. What is d(f)?
-7
Let v be -13 - (-7 + -7 - -5). Let l(n) = 2*n - 7*n - 33 + 29. Give l(v).
16
Let d(r) = r**2 + 11*r + 10. Suppose 0 = 4*o - 52 + 36. Suppose 0 = -7*y + o*y - 30. Let l be d(y). Let h(t) = t - 7. Determine h(l).
-7
Suppose 7*n + 12 = 3*n + 4*u, -8 = -4*n - u. Let z(c) = 71*c**3. Give z(n).
71
Let f(l) = l**2 + 3*l - 8. Let h be (0 - -12) + -4 + 5 + -4. Suppose 0 = -3*d + u + 1, 0*d - 3*d - h = -3*u. Let v be (-10)/d - (-2 + (10 - 7)). What is f(v)?
10
Let c be (-14)/4 + 2/4. Let h(b) = b**2 + 5*b + 4. Let l be h(c). Let d be (-3 - l)*(-1 + 3). Let v(o) = 2*o - 2. Calculate v(d).
-6
Let o(b) = 2*b**2 + 3*b**2 - 4*b**2 - 3*b**2. Suppose -7*l + 70 = 7*l. Suppose -5*z - l*g = 20, -6*g + 9*g + 9 = 0. Determine o(z).
-2
Let q(t) = -t - 2. Let h = -1 - -4. Suppose 16 = -4*f, 5*j - 2*f - h*f = 65. Suppose -c + 4*m - j = -4*c, -5*c + 10 = 5*m. Calculate q(c).
-1
Let p(h) be the third derivative of -h**6/360 + 13*h**5/120 - 7*h**4/24 + 95*h**3/2 + 96*h**2. Let w(s) be the first derivative of p(s). Determine w(11).
15
Suppose 0 = l + 4*l - 10. Let g(u) = u**l + 15*u + 14*u - 28*u - 8 + 6*u. Suppose 0 = -5*j - 3*p - 43, -5*j + 5*p - 2*p - 37 = 0. Give g(j).
0
Let l = 0 + 2. Let c(k) = -1 + 5 - 7*k + 2*k**2 + 2*k**2. Let i(m) = -3*m**2 + 6*m - 4. Let w(p) = l*c(p) + 3*i(p). What is w(5)?
-9
Let v(r) be the third derivative of -r**6/120 + 11*r**5/60 + 11*r**4/24 - 7*r**3/6 - 61*r**2. Give v(12).
-19
Let d(b) = b**2 + 2*b - 3. Let w = 559 + -555. Suppose 4*s + w*z = 0, -5 = 4*s - 0*z + 3*z. Calculate d(s).
12
Let g(y) = 0*y - y - 2*y + 2 + 1 + y**3. Let h = 158 + 4. Let r = -165 + h. What is g(r)?
-15
Let y(o) = 2*o**3 + 4*o**2 - 4*o - 6. Let c(l) = 4*l**2 + 137*l + 30. Let w be c(-34). Give y(w).
-54
Let g(f) be the second derivative of -1/6*f**3 - 2*f + 1/12*f**4 + 6*f**2 - 3. Calculate g(0).
12
Let z = -30 - 8. Let p be z/2*8/(-8). Suppose -9 = 7*t + p. Let n(x) = x**3 + 4*x**2 - 2*x - 6. Give n(t).
2
Let i be 34/8 - 2/8. Let c(t) = 178*t**2 - 5*t + 20. Let x(u) = -200*u**2 + 5*u - 22. Let f(d) = -9*c(d) - 8*x(d). Calculate f(i).
-16
Let b = -15 + 25. Let w(u) = u**2 - 10*u + 3. Let f be w(b). Suppose 0 = f*l - 0*l - a, l + 2*a = 7. Let m(s) = 11*s**3 - s**2. Determine m(l).
10
Let k(f) = -9*f + 99. Suppose -30*o + 31*o = -3*x + 31, 0 = 4*o + 8. Determine k(x).
0
Let p(h) = h**3 - 7*h**2 + 10*h - 12. Let w be 7 - 4 - 9 - (-12 + 1). Give p(w).
-12
Let p(b) = -6*b**3 - 2*b**2 - 14*b - 13. Suppose 154*a + 10 = 150*a - m, -3*a = -4*m - 21. Determine p(a).
5
Suppose -b - 7 = -2*b. Let p(m) = 3*m + 393. Let n(s) = 8*s + 1068. Let q(c) = -7*